{"id":3499,"date":"2025-02-20T12:16:57","date_gmt":"2025-02-20T12:16:57","guid":{"rendered":"https:\/\/fmlax.com\/latanmovil\/?page_id=3499"},"modified":"2025-02-20T12:16:57","modified_gmt":"2025-02-20T12:16:57","slug":"fight-time","status":"publish","type":"page","link":"https:\/\/fmlax.com\/latanmovil\/fight-time\/","title":{"rendered":"Fight Time"},"content":{"rendered":"\n<p>Fight Time: Bienvenido a nuestro canal de deportes dise\u00f1ado especialmente para personas apasionadas por el mundo del deporte, las artes marciales, el fitness y los deportes de superaci\u00f3n. En Fight Time, nos dedicamos a brindarte una programaci\u00f3n variada y emocionante que te inspirar\u00e1 a alcanzar nuevas metas y desafiar tus l\u00edmites.<\/p>\n\n\n\n<p>Nuestra misi\u00f3n es ofrecerte contenido deportivo de alta calidad que te motive a mantenerte activo, mejorar tu condici\u00f3n f\u00edsica y superar tus propias barreras. Valoramos el esp\u00edritu de lucha, la disciplina y la determinaci\u00f3n que se requieren en las artes marciales, el fitness y otros deportes de superaci\u00f3n.<\/p>\n\n\n\n<p>En Fight Time, encontrar\u00e1s una amplia gama de programas que abarcan desde entrenamientos de artes marciales hasta rutinas de fitness, consejos nutricionales, competiciones emocionantes y entrevistas con atletas destacados. Queremos brindarte la inspiraci\u00f3n y la motivaci\u00f3n necesarias para alcanzar tus objetivos deportivos.<\/p>\n\n\n\n<p>Nos enorgullece ser un canal que promueve el esp\u00edritu deportivo y la superaci\u00f3n personal. Estamos comprometidos en transmitir los valores positivos asociados con el deporte, como el trabajo en equipo, el esfuerzo constante y la resiliencia.<\/p>\n\n\n\n<p>Sintoniza Fight Time y \u00fanete a nuestra comunidad deportiva. Prep\u00e1rate para disfrutar de emocionantes competiciones, descubrir nuevos entrenamientos, aprender de los mejores expertos en artes marciales y fitness, y encontrar la inspiraci\u00f3n que necesitas para superarte d\u00eda a d\u00eda. \u00a1En Fight Time, celebremos juntos el poder del deporte y la superaci\u00f3n personal!<\/p>\n\n\n\n<p><strong>Lo tienes disponible en<\/strong><\/p>\n\n\n\n<p>LatamM\u00f3vil Cero B\u00e1sico, LatamM\u00f3vil Cine, LatamM\u00f3vil Cine y Deportes, LatamM\u00f3vil Deportes, LatamM\u00f3vil Premium<\/p>\n\n\n\n<p><\/p>\n","protected":false},"excerpt":{"rendered":"<p>Fight Time: Bienvenido a nuestro canal de deportes dise\u00f1ado especialmente para personas apasionadas por el mundo del deporte, las artes marciales, el fitness y los deportes de superaci\u00f3n. En Fight Time, nos dedicamos a brindarte una programaci\u00f3n variada y emocionante que te inspirar\u00e1 a alcanzar nuevas metas y desafiar tus l\u00edmites. Nuestra misi\u00f3n es ofrecerte [&hellip;]<\/p>\n","protected":false},"author":1,"featured_media":0,"parent":0,"menu_order":0,"comment_status":"closed","ping_status":"closed","template":"","meta":{"_uag_custom_page_level_css":"","site-sidebar-layout":"default","site-content-layout":"","ast-site-content-layout":"default","site-content-style":"default","site-sidebar-style":"default","ast-global-header-display":"","ast-banner-title-visibility":"","ast-main-header-display":"","ast-hfb-above-header-display":"","ast-hfb-below-header-display":"","ast-hfb-mobile-header-display":"","site-post-title":"","ast-breadcrumbs-content":"","ast-featured-img":"","footer-sml-layout":"","ast-disable-related-posts":"","theme-transparent-header-meta":"","adv-header-id-meta":"","stick-header-meta":"","header-above-stick-meta":"","header-main-stick-meta":"","header-below-stick-meta":"","astra-migrate-meta-layouts":"set","ast-page-background-enabled":"default","ast-page-background-meta":{"desktop":{"background-color":"","background-image":"","background-repeat":"repeat","background-position":"center center","background-size":"auto","background-attachment":"scroll","background-type":"","background-media":"","overlay-type":"","overlay-color":"","overlay-opacity":"","overlay-gradient":""},"tablet":{"background-color":"","background-image":"","background-repeat":"repeat","background-position":"center center","background-size":"auto","background-attachment":"scroll","background-type":"","background-media":"","overlay-type":"","overlay-color":"","overlay-opacity":"","overlay-gradient":""},"mobile":{"background-color":"","background-image":"","background-repeat":"repeat","background-position":"center center","background-size":"auto","background-attachment":"scroll","background-type":"","background-media":"","overlay-type":"","overlay-color":"","overlay-opacity":"","overlay-gradient":""}},"ast-content-background-meta":{"desktop":{"background-color":"var(--ast-global-color-5)","background-image":"","background-repeat":"repeat","background-position":"center center","background-size":"auto","background-attachment":"scroll","background-type":"","background-media":"","overlay-type":"","overlay-color":"","overlay-opacity":"","overlay-gradient":""},"tablet":{"background-color":"var(--ast-global-color-5)","background-image":"","background-repeat":"repeat","background-position":"center center","background-size":"auto","background-attachment":"scroll","background-type":"","background-media":"","overlay-type":"","overlay-color":"","overlay-opacity":"","overlay-gradient":""},"mobile":{"background-color":"var(--ast-global-color-5)","background-image":"","background-repeat":"repeat","background-position":"center center","background-size":"auto","background-attachment":"scroll","background-type":"","background-media":"","overlay-type":"","overlay-color":"","overlay-opacity":"","overlay-gradient":""}},"footnotes":""},"class_list":["post-3499","page","type-page","status-publish","hentry"],"uagb_featured_image_src":{"full":false,"thumbnail":false,"medium":false,"medium_large":false,"large":false,"1536x1536":false,"2048x2048":false},"uagb_author_info":{"display_name":"admin","author_link":"https:\/\/fmlax.com\/latanmovil\/author\/latammovil\/"},"uagb_comment_info":0,"uagb_excerpt":"Fight Time: Bienvenido a nuestro canal de deportes dise\u00f1ado especialmente para personas apasionadas por el mundo del deporte, las artes marciales, el fitness y los deportes de superaci\u00f3n. En Fight Time, nos dedicamos a brindarte una programaci\u00f3n variada y emocionante que te inspirar\u00e1 a alcanzar nuevas metas y desafiar tus l\u00edmites. Nuestra misi\u00f3n es ofrecerte&hellip;","_links":{"self":[{"href":"https:\/\/fmlax.com\/latanmovil\/wp-json\/wp\/v2\/pages\/3499","targetHints":{"allow":["GET"]}}],"collection":[{"href":"https:\/\/fmlax.com\/latanmovil\/wp-json\/wp\/v2\/pages"}],"about":[{"href":"https:\/\/fmlax.com\/latanmovil\/wp-json\/wp\/v2\/types\/page"}],"author":[{"embeddable":true,"href":"https:\/\/fmlax.com\/latanmovil\/wp-json\/wp\/v2\/users\/1"}],"replies":[{"embeddable":true,"href":"https:\/\/fmlax.com\/latanmovil\/wp-json\/wp\/v2\/comments?post=3499"}],"version-history":[{"count":1,"href":"https:\/\/fmlax.com\/latanmovil\/wp-json\/wp\/v2\/pages\/3499\/revisions"}],"predecessor-version":[{"id":3500,"href":"https:\/\/fmlax.com\/latanmovil\/wp-json\/wp\/v2\/pages\/3499\/revisions\/3500"}],"wp:attachment":[{"href":"https:\/\/fmlax.com\/latanmovil\/wp-json\/wp\/v2\/media?parent=3499"}],"curies":[{"name":"wp","href":"https:\/\/api.w.org\/{rel}","templated":true}]}}