{"id":3475,"date":"2025-02-18T13:00:48","date_gmt":"2025-02-18T13:00:48","guid":{"rendered":"https:\/\/fmlax.com\/latanmovil\/?page_id=3475"},"modified":"2025-02-18T13:00:48","modified_gmt":"2025-02-18T13:00:48","slug":"eurosport-2-hd","status":"publish","type":"page","link":"https:\/\/fmlax.com\/latanmovil\/eurosport-2-hd\/","title":{"rendered":"Eurosport 2 HD"},"content":{"rendered":"\n<p>Eurosport 2 es una red de televisi\u00f3n deportiva europea que complementa la oferta de Eurosport 1 y Eurosport News. Forma parte de Eurosport Network y ofrece una amplia cobertura de eventos deportivos en diferentes pa\u00edses de Europa, adaptando su programaci\u00f3n de acuerdo con los derechos de transmisi\u00f3n de cada regi\u00f3n.<\/p>\n\n\n\n<p>Como canal hermano de Eurosport 1, Eurosport 2 se dedica a proporcionar una cobertura adicional de eventos deportivos relevantes, brindando a los espectadores una variedad a\u00fan mayor de competiciones y deportes para disfrutar. La programaci\u00f3n de Eurosport 2 puede variar seg\u00fan la regi\u00f3n, ya que los derechos de televisi\u00f3n para el deporte difieren en cada pa\u00eds.<\/p>\n\n\n\n<p>En nuestra gu\u00eda TV podr\u00e1s acceder a informaci\u00f3n detallada sobre la programaci\u00f3n de Eurosport 2, incluyendo los eventos deportivos destacados, horarios de transmisi\u00f3n, programas especiales y m\u00e1s. De esta manera, podr\u00e1s estar al tanto de los eventos que se emiten en Eurosport 2 y planificar tus sesiones de visualizaci\u00f3n de acuerdo con tus intereses deportivos<\/p>\n\n\n\n<p>Sintoniza Eurosport 2 y disfruta de una amplia variedad de eventos deportivos en toda Europa. Mantente informado y emocionado con la cobertura de competiciones y deportes diversos que ofrece este canal deportivo de renombre.<\/p>\n\n\n\n<p><strong>Lo tienes disponible en<\/strong><\/p>\n\n\n\n<p>LatamM\u00f3vil Cine y Deportes, LatamM\u00f3vil Deportes, MLatamM\u00f3vil Premium<\/p>\n","protected":false},"excerpt":{"rendered":"<p>Eurosport 2 es una red de televisi\u00f3n deportiva europea que complementa la oferta de Eurosport 1 y Eurosport News. Forma parte de Eurosport Network y ofrece una amplia cobertura de eventos deportivos en diferentes pa\u00edses de Europa, adaptando su programaci\u00f3n de acuerdo con los derechos de transmisi\u00f3n de cada regi\u00f3n. Como canal hermano de Eurosport [&hellip;]<\/p>\n","protected":false},"author":1,"featured_media":0,"parent":0,"menu_order":0,"comment_status":"closed","ping_status":"closed","template":"","meta":{"_uag_custom_page_level_css":"","site-sidebar-layout":"default","site-content-layout":"","ast-site-content-layout":"default","site-content-style":"default","site-sidebar-style":"default","ast-global-header-display":"","ast-banner-title-visibility":"","ast-main-header-display":"","ast-hfb-above-header-display":"","ast-hfb-below-header-display":"","ast-hfb-mobile-header-display":"","site-post-title":"","ast-breadcrumbs-content":"","ast-featured-img":"","footer-sml-layout":"","ast-disable-related-posts":"","theme-transparent-header-meta":"","adv-header-id-meta":"","stick-header-meta":"","header-above-stick-meta":"","header-main-stick-meta":"","header-below-stick-meta":"","astra-migrate-meta-layouts":"set","ast-page-background-enabled":"default","ast-page-background-meta":{"desktop":{"background-color":"","background-image":"","background-repeat":"repeat","background-position":"center center","background-size":"auto","background-attachment":"scroll","background-type":"","background-media":"","overlay-type":"","overlay-color":"","overlay-opacity":"","overlay-gradient":""},"tablet":{"background-color":"","background-image":"","background-repeat":"repeat","background-position":"center center","background-size":"auto","background-attachment":"scroll","background-type":"","background-media":"","overlay-type":"","overlay-color":"","overlay-opacity":"","overlay-gradient":""},"mobile":{"background-color":"","background-image":"","background-repeat":"repeat","background-position":"center center","background-size":"auto","background-attachment":"scroll","background-type":"","background-media":"","overlay-type":"","overlay-color":"","overlay-opacity":"","overlay-gradient":""}},"ast-content-background-meta":{"desktop":{"background-color":"var(--ast-global-color-5)","background-image":"","background-repeat":"repeat","background-position":"center center","background-size":"auto","background-attachment":"scroll","background-type":"","background-media":"","overlay-type":"","overlay-color":"","overlay-opacity":"","overlay-gradient":""},"tablet":{"background-color":"var(--ast-global-color-5)","background-image":"","background-repeat":"repeat","background-position":"center center","background-size":"auto","background-attachment":"scroll","background-type":"","background-media":"","overlay-type":"","overlay-color":"","overlay-opacity":"","overlay-gradient":""},"mobile":{"background-color":"var(--ast-global-color-5)","background-image":"","background-repeat":"repeat","background-position":"center center","background-size":"auto","background-attachment":"scroll","background-type":"","background-media":"","overlay-type":"","overlay-color":"","overlay-opacity":"","overlay-gradient":""}},"footnotes":""},"class_list":["post-3475","page","type-page","status-publish","hentry"],"uagb_featured_image_src":{"full":false,"thumbnail":false,"medium":false,"medium_large":false,"large":false,"1536x1536":false,"2048x2048":false},"uagb_author_info":{"display_name":"admin","author_link":"https:\/\/fmlax.com\/latanmovil\/author\/latammovil\/"},"uagb_comment_info":0,"uagb_excerpt":"Eurosport 2 es una red de televisi\u00f3n deportiva europea que complementa la oferta de Eurosport 1 y Eurosport News. Forma parte de Eurosport Network y ofrece una amplia cobertura de eventos deportivos en diferentes pa\u00edses de Europa, adaptando su programaci\u00f3n de acuerdo con los derechos de transmisi\u00f3n de cada regi\u00f3n. Como canal hermano de Eurosport&hellip;","_links":{"self":[{"href":"https:\/\/fmlax.com\/latanmovil\/wp-json\/wp\/v2\/pages\/3475","targetHints":{"allow":["GET"]}}],"collection":[{"href":"https:\/\/fmlax.com\/latanmovil\/wp-json\/wp\/v2\/pages"}],"about":[{"href":"https:\/\/fmlax.com\/latanmovil\/wp-json\/wp\/v2\/types\/page"}],"author":[{"embeddable":true,"href":"https:\/\/fmlax.com\/latanmovil\/wp-json\/wp\/v2\/users\/1"}],"replies":[{"embeddable":true,"href":"https:\/\/fmlax.com\/latanmovil\/wp-json\/wp\/v2\/comments?post=3475"}],"version-history":[{"count":1,"href":"https:\/\/fmlax.com\/latanmovil\/wp-json\/wp\/v2\/pages\/3475\/revisions"}],"predecessor-version":[{"id":3476,"href":"https:\/\/fmlax.com\/latanmovil\/wp-json\/wp\/v2\/pages\/3475\/revisions\/3476"}],"wp:attachment":[{"href":"https:\/\/fmlax.com\/latanmovil\/wp-json\/wp\/v2\/media?parent=3475"}],"curies":[{"name":"wp","href":"https:\/\/api.w.org\/{rel}","templated":true}]}}