{"id":3045,"date":"2025-01-20T12:53:00","date_gmt":"2025-01-20T12:53:00","guid":{"rendered":"https:\/\/fmlax.com\/latanmovil\/?page_id=3045"},"modified":"2025-01-20T12:53:00","modified_gmt":"2025-01-20T12:53:00","slug":"imas-television","status":"publish","type":"page","link":"https:\/\/fmlax.com\/latanmovil\/imas-television\/","title":{"rendered":"Im\u00e1s Television"},"content":{"rendered":"\n<p>Im\u00e1s Tv es la \u00fanica televisi\u00f3n provincial dando cobertura a toda la provincia y entorno regional. Desde Puertollano, presente en m\u00e1s de 300.000 hogares, tiene como \u00fanico objetivo crear riqueza para nuestros pueblos y cultura para nuestras gentes. Im\u00e1s Televisi\u00f3n es una televisi\u00f3n plural, independiente, innovadora, cercana y al servicio de la sociedad manchega que se basa en tres premisas b\u00e1sicas: calidad, independencia y servicio p\u00fablico. En esta etapa digital Im\u00e1s Televisi\u00f3n es un referente en la provincia de Ciudad Real, con cinco demarcaciones digitales y emisi\u00f3n l\u00edder en contenidos.<\/p>\n\n\n\n<p><strong>Lo tienes disponible en<\/strong><\/p>\n\n\n\n<p>Masmedia Cero Basico, Masmedia Cine, Masmedia Cine y Deportes, Masmedia Deportes, Masmedia Premium<\/p>\n","protected":false},"excerpt":{"rendered":"<p>Im\u00e1s Tv es la \u00fanica televisi\u00f3n provincial dando cobertura a toda la provincia y entorno regional. Desde Puertollano, presente en m\u00e1s de 300.000 hogares, tiene como \u00fanico objetivo crear riqueza para nuestros pueblos y cultura para nuestras gentes. Im\u00e1s Televisi\u00f3n es una televisi\u00f3n plural, independiente, innovadora, cercana y al servicio de la sociedad manchega que [&hellip;]<\/p>\n","protected":false},"author":1,"featured_media":0,"parent":0,"menu_order":0,"comment_status":"closed","ping_status":"closed","template":"","meta":{"_uag_custom_page_level_css":"","site-sidebar-layout":"default","site-content-layout":"","ast-site-content-layout":"default","site-content-style":"default","site-sidebar-style":"default","ast-global-header-display":"","ast-banner-title-visibility":"","ast-main-header-display":"","ast-hfb-above-header-display":"","ast-hfb-below-header-display":"","ast-hfb-mobile-header-display":"","site-post-title":"","ast-breadcrumbs-content":"","ast-featured-img":"","footer-sml-layout":"","ast-disable-related-posts":"","theme-transparent-header-meta":"","adv-header-id-meta":"","stick-header-meta":"","header-above-stick-meta":"","header-main-stick-meta":"","header-below-stick-meta":"","astra-migrate-meta-layouts":"set","ast-page-background-enabled":"default","ast-page-background-meta":{"desktop":{"background-color":"","background-image":"","background-repeat":"repeat","background-position":"center center","background-size":"auto","background-attachment":"scroll","background-type":"","background-media":"","overlay-type":"","overlay-color":"","overlay-opacity":"","overlay-gradient":""},"tablet":{"background-color":"","background-image":"","background-repeat":"repeat","background-position":"center center","background-size":"auto","background-attachment":"scroll","background-type":"","background-media":"","overlay-type":"","overlay-color":"","overlay-opacity":"","overlay-gradient":""},"mobile":{"background-color":"","background-image":"","background-repeat":"repeat","background-position":"center center","background-size":"auto","background-attachment":"scroll","background-type":"","background-media":"","overlay-type":"","overlay-color":"","overlay-opacity":"","overlay-gradient":""}},"ast-content-background-meta":{"desktop":{"background-color":"var(--ast-global-color-5)","background-image":"","background-repeat":"repeat","background-position":"center center","background-size":"auto","background-attachment":"scroll","background-type":"","background-media":"","overlay-type":"","overlay-color":"","overlay-opacity":"","overlay-gradient":""},"tablet":{"background-color":"var(--ast-global-color-5)","background-image":"","background-repeat":"repeat","background-position":"center center","background-size":"auto","background-attachment":"scroll","background-type":"","background-media":"","overlay-type":"","overlay-color":"","overlay-opacity":"","overlay-gradient":""},"mobile":{"background-color":"var(--ast-global-color-5)","background-image":"","background-repeat":"repeat","background-position":"center center","background-size":"auto","background-attachment":"scroll","background-type":"","background-media":"","overlay-type":"","overlay-color":"","overlay-opacity":"","overlay-gradient":""}},"footnotes":""},"class_list":["post-3045","page","type-page","status-publish","hentry"],"uagb_featured_image_src":{"full":false,"thumbnail":false,"medium":false,"medium_large":false,"large":false,"1536x1536":false,"2048x2048":false},"uagb_author_info":{"display_name":"admin","author_link":"https:\/\/fmlax.com\/latanmovil\/author\/latammovil\/"},"uagb_comment_info":0,"uagb_excerpt":"Im\u00e1s Tv es la \u00fanica televisi\u00f3n provincial dando cobertura a toda la provincia y entorno regional. Desde Puertollano, presente en m\u00e1s de 300.000 hogares, tiene como \u00fanico objetivo crear riqueza para nuestros pueblos y cultura para nuestras gentes. Im\u00e1s Televisi\u00f3n es una televisi\u00f3n plural, independiente, innovadora, cercana y al servicio de la sociedad manchega que&hellip;","_links":{"self":[{"href":"https:\/\/fmlax.com\/latanmovil\/wp-json\/wp\/v2\/pages\/3045","targetHints":{"allow":["GET"]}}],"collection":[{"href":"https:\/\/fmlax.com\/latanmovil\/wp-json\/wp\/v2\/pages"}],"about":[{"href":"https:\/\/fmlax.com\/latanmovil\/wp-json\/wp\/v2\/types\/page"}],"author":[{"embeddable":true,"href":"https:\/\/fmlax.com\/latanmovil\/wp-json\/wp\/v2\/users\/1"}],"replies":[{"embeddable":true,"href":"https:\/\/fmlax.com\/latanmovil\/wp-json\/wp\/v2\/comments?post=3045"}],"version-history":[{"count":1,"href":"https:\/\/fmlax.com\/latanmovil\/wp-json\/wp\/v2\/pages\/3045\/revisions"}],"predecessor-version":[{"id":3046,"href":"https:\/\/fmlax.com\/latanmovil\/wp-json\/wp\/v2\/pages\/3045\/revisions\/3046"}],"wp:attachment":[{"href":"https:\/\/fmlax.com\/latanmovil\/wp-json\/wp\/v2\/media?parent=3045"}],"curies":[{"name":"wp","href":"https:\/\/api.w.org\/{rel}","templated":true}]}}