{"id":2928,"date":"2025-01-16T15:37:49","date_gmt":"2025-01-16T15:37:49","guid":{"rendered":"https:\/\/fmlax.com\/latanmovil\/?page_id=2928"},"modified":"2025-01-16T15:37:49","modified_gmt":"2025-01-16T15:37:49","slug":"etb-2-hd","status":"publish","type":"page","link":"https:\/\/fmlax.com\/latanmovil\/etb-2-hd\/","title":{"rendered":"ETB 2 HD"},"content":{"rendered":"\n<p>ETB 2: Descubre el segundo canal de la televisi\u00f3n p\u00fablica vasca, Euskal Telebista (ETB), que se emite exclusivamente en castellano. ETB 2 se dedica principalmente a brindar programas de actualidad e informativos, los cuales son fundamentales en nuestra programaci\u00f3n.<\/p>\n\n\n\n<p>Nuestro objetivo es mantenerte informado sobre los acontecimientos m\u00e1s relevantes a nivel local, nacional e internacional. A trav\u00e9s de nuestros programas de actualidad, te mantendremos al tanto de las \u00faltimas noticias, reportajes y an\u00e1lisis que afectan a la sociedad y la regi\u00f3n vasca.<\/p>\n\n\n\n<p>Adem\u00e1s de nuestra oferta informativa, complementamos nuestra programaci\u00f3n con espacios de entretenimiento de producci\u00f3n local. Estos programas te ofrecen momentos de diversi\u00f3n y entretenimiento, y reflejan la riqueza cultural y el talento de nuestra comunidad.<\/p>\n\n\n\n<p>En ETB 2, nos enorgullece ser el canal en castellano de la televisi\u00f3n p\u00fablica vasca, y nos esforzamos por brindarte una programaci\u00f3n equilibrada que combine la informaci\u00f3n y el entretenimiento de calidad.<\/p>\n\n\n\n<p>Sintoniza ETB 2 y mantente informado con nuestros programas de actualidad e informativos. Disfruta tambi\u00e9n de nuestros espacios de entretenimiento que te har\u00e1n pasar momentos agradables. \u00a1\u00danete a nosotros y s\u00e9 parte de nuestra comunidad televisiva en ETB 2!<\/p>\n\n\n\n<p><strong>Lo tienes disponible en<\/strong><\/p>\n\n\n\n<p>Masmedia Cero Basico, Masmedia Cine, Masmedia Cine y Deportes, Masmedia Deportes, Masmedia Premium<\/p>\n","protected":false},"excerpt":{"rendered":"<p>ETB 2: Descubre el segundo canal de la televisi\u00f3n p\u00fablica vasca, Euskal Telebista (ETB), que se emite exclusivamente en castellano. ETB 2 se dedica principalmente a brindar programas de actualidad e informativos, los cuales son fundamentales en nuestra programaci\u00f3n. Nuestro objetivo es mantenerte informado sobre los acontecimientos m\u00e1s relevantes a nivel local, nacional e internacional. [&hellip;]<\/p>\n","protected":false},"author":1,"featured_media":0,"parent":0,"menu_order":0,"comment_status":"closed","ping_status":"closed","template":"","meta":{"_uag_custom_page_level_css":"","site-sidebar-layout":"default","site-content-layout":"","ast-site-content-layout":"default","site-content-style":"default","site-sidebar-style":"default","ast-global-header-display":"","ast-banner-title-visibility":"","ast-main-header-display":"","ast-hfb-above-header-display":"","ast-hfb-below-header-display":"","ast-hfb-mobile-header-display":"","site-post-title":"","ast-breadcrumbs-content":"","ast-featured-img":"","footer-sml-layout":"","ast-disable-related-posts":"","theme-transparent-header-meta":"","adv-header-id-meta":"","stick-header-meta":"","header-above-stick-meta":"","header-main-stick-meta":"","header-below-stick-meta":"","astra-migrate-meta-layouts":"set","ast-page-background-enabled":"default","ast-page-background-meta":{"desktop":{"background-color":"","background-image":"","background-repeat":"repeat","background-position":"center center","background-size":"auto","background-attachment":"scroll","background-type":"","background-media":"","overlay-type":"","overlay-color":"","overlay-opacity":"","overlay-gradient":""},"tablet":{"background-color":"","background-image":"","background-repeat":"repeat","background-position":"center center","background-size":"auto","background-attachment":"scroll","background-type":"","background-media":"","overlay-type":"","overlay-color":"","overlay-opacity":"","overlay-gradient":""},"mobile":{"background-color":"","background-image":"","background-repeat":"repeat","background-position":"center center","background-size":"auto","background-attachment":"scroll","background-type":"","background-media":"","overlay-type":"","overlay-color":"","overlay-opacity":"","overlay-gradient":""}},"ast-content-background-meta":{"desktop":{"background-color":"var(--ast-global-color-5)","background-image":"","background-repeat":"repeat","background-position":"center center","background-size":"auto","background-attachment":"scroll","background-type":"","background-media":"","overlay-type":"","overlay-color":"","overlay-opacity":"","overlay-gradient":""},"tablet":{"background-color":"var(--ast-global-color-5)","background-image":"","background-repeat":"repeat","background-position":"center center","background-size":"auto","background-attachment":"scroll","background-type":"","background-media":"","overlay-type":"","overlay-color":"","overlay-opacity":"","overlay-gradient":""},"mobile":{"background-color":"var(--ast-global-color-5)","background-image":"","background-repeat":"repeat","background-position":"center center","background-size":"auto","background-attachment":"scroll","background-type":"","background-media":"","overlay-type":"","overlay-color":"","overlay-opacity":"","overlay-gradient":""}},"footnotes":""},"class_list":["post-2928","page","type-page","status-publish","hentry"],"uagb_featured_image_src":{"full":false,"thumbnail":false,"medium":false,"medium_large":false,"large":false,"1536x1536":false,"2048x2048":false},"uagb_author_info":{"display_name":"admin","author_link":"https:\/\/fmlax.com\/latanmovil\/author\/latammovil\/"},"uagb_comment_info":0,"uagb_excerpt":"ETB 2: Descubre el segundo canal de la televisi\u00f3n p\u00fablica vasca, Euskal Telebista (ETB), que se emite exclusivamente en castellano. ETB 2 se dedica principalmente a brindar programas de actualidad e informativos, los cuales son fundamentales en nuestra programaci\u00f3n. Nuestro objetivo es mantenerte informado sobre los acontecimientos m\u00e1s relevantes a nivel local, nacional e internacional.&hellip;","_links":{"self":[{"href":"https:\/\/fmlax.com\/latanmovil\/wp-json\/wp\/v2\/pages\/2928","targetHints":{"allow":["GET"]}}],"collection":[{"href":"https:\/\/fmlax.com\/latanmovil\/wp-json\/wp\/v2\/pages"}],"about":[{"href":"https:\/\/fmlax.com\/latanmovil\/wp-json\/wp\/v2\/types\/page"}],"author":[{"embeddable":true,"href":"https:\/\/fmlax.com\/latanmovil\/wp-json\/wp\/v2\/users\/1"}],"replies":[{"embeddable":true,"href":"https:\/\/fmlax.com\/latanmovil\/wp-json\/wp\/v2\/comments?post=2928"}],"version-history":[{"count":1,"href":"https:\/\/fmlax.com\/latanmovil\/wp-json\/wp\/v2\/pages\/2928\/revisions"}],"predecessor-version":[{"id":2929,"href":"https:\/\/fmlax.com\/latanmovil\/wp-json\/wp\/v2\/pages\/2928\/revisions\/2929"}],"wp:attachment":[{"href":"https:\/\/fmlax.com\/latanmovil\/wp-json\/wp\/v2\/media?parent=2928"}],"curies":[{"name":"wp","href":"https:\/\/api.w.org\/{rel}","templated":true}]}}