{"id":2696,"date":"2025-01-16T12:44:59","date_gmt":"2025-01-16T12:44:59","guid":{"rendered":"https:\/\/fmlax.com\/latanmovil\/?page_id=2696"},"modified":"2025-02-04T11:47:52","modified_gmt":"2025-02-04T11:47:52","slug":"antena-3-hd","status":"publish","type":"page","link":"https:\/\/fmlax.com\/latanmovil\/antena-3-hd\/","title":{"rendered":"Antena 3 HD"},"content":{"rendered":"\n<p>\u00a1Descubre Antena 3 HD, el canal que te cautivar\u00e1 con su programaci\u00f3n de primer nivel! Disfruta de emocionantes series y programas de entretenimiento, los \u00faltimos estrenos cinematogr\u00e1ficos y eventos deportivos en alta definici\u00f3n. Sum\u00e9rgete en tramas cautivadoras, r\u00ede a carcajadas con comedias ingeniosas y vive la emoci\u00f3n del deporte en vivo. Con Antena 3 HD, cada momento ser\u00e1 una experiencia visual impactante y un deleite para tus sentidos. \u00a1No te pierdas lo mejor de la televisi\u00f3n con Antena 3 HD, el canal que te mantendr\u00e1 enganchado desde el primer segundo!<\/p>\n\n\n\n<p><strong>Lo tienes disponible en<\/strong><\/p>\n\n\n\n<p>LatamM\u00f3vil Cero Basico, LatamM\u00f3vil Cine, LatamM\u00f3vil Cine y Deportes, LatamM\u00f3vil Deportes, LatamM\u00f3vil Premium<\/p>\n\n\n\n<p><\/p>\n","protected":false},"excerpt":{"rendered":"<p>\u00a1Descubre Antena 3 HD, el canal que te cautivar\u00e1 con su programaci\u00f3n de primer nivel! Disfruta de emocionantes series y programas de entretenimiento, los \u00faltimos estrenos cinematogr\u00e1ficos y eventos deportivos en alta definici\u00f3n. Sum\u00e9rgete en tramas cautivadoras, r\u00ede a carcajadas con comedias ingeniosas y vive la emoci\u00f3n del deporte en vivo. Con Antena 3 HD, [&hellip;]<\/p>\n","protected":false},"author":1,"featured_media":0,"parent":0,"menu_order":0,"comment_status":"closed","ping_status":"closed","template":"","meta":{"_uag_custom_page_level_css":"","site-sidebar-layout":"default","site-content-layout":"","ast-site-content-layout":"default","site-content-style":"default","site-sidebar-style":"default","ast-global-header-display":"","ast-banner-title-visibility":"","ast-main-header-display":"","ast-hfb-above-header-display":"","ast-hfb-below-header-display":"","ast-hfb-mobile-header-display":"","site-post-title":"","ast-breadcrumbs-content":"","ast-featured-img":"","footer-sml-layout":"","ast-disable-related-posts":"","theme-transparent-header-meta":"","adv-header-id-meta":"","stick-header-meta":"","header-above-stick-meta":"","header-main-stick-meta":"","header-below-stick-meta":"","astra-migrate-meta-layouts":"set","ast-page-background-enabled":"default","ast-page-background-meta":{"desktop":{"background-color":"","background-image":"","background-repeat":"repeat","background-position":"center center","background-size":"auto","background-attachment":"scroll","background-type":"","background-media":"","overlay-type":"","overlay-color":"","overlay-opacity":"","overlay-gradient":""},"tablet":{"background-color":"","background-image":"","background-repeat":"repeat","background-position":"center center","background-size":"auto","background-attachment":"scroll","background-type":"","background-media":"","overlay-type":"","overlay-color":"","overlay-opacity":"","overlay-gradient":""},"mobile":{"background-color":"","background-image":"","background-repeat":"repeat","background-position":"center center","background-size":"auto","background-attachment":"scroll","background-type":"","background-media":"","overlay-type":"","overlay-color":"","overlay-opacity":"","overlay-gradient":""}},"ast-content-background-meta":{"desktop":{"background-color":"var(--ast-global-color-5)","background-image":"","background-repeat":"repeat","background-position":"center center","background-size":"auto","background-attachment":"scroll","background-type":"","background-media":"","overlay-type":"","overlay-color":"","overlay-opacity":"","overlay-gradient":""},"tablet":{"background-color":"var(--ast-global-color-5)","background-image":"","background-repeat":"repeat","background-position":"center center","background-size":"auto","background-attachment":"scroll","background-type":"","background-media":"","overlay-type":"","overlay-color":"","overlay-opacity":"","overlay-gradient":""},"mobile":{"background-color":"var(--ast-global-color-5)","background-image":"","background-repeat":"repeat","background-position":"center center","background-size":"auto","background-attachment":"scroll","background-type":"","background-media":"","overlay-type":"","overlay-color":"","overlay-opacity":"","overlay-gradient":""}},"footnotes":""},"class_list":["post-2696","page","type-page","status-publish","hentry"],"uagb_featured_image_src":{"full":false,"thumbnail":false,"medium":false,"medium_large":false,"large":false,"1536x1536":false,"2048x2048":false},"uagb_author_info":{"display_name":"admin","author_link":"https:\/\/fmlax.com\/latanmovil\/author\/latammovil\/"},"uagb_comment_info":0,"uagb_excerpt":"\u00a1Descubre Antena 3 HD, el canal que te cautivar\u00e1 con su programaci\u00f3n de primer nivel! Disfruta de emocionantes series y programas de entretenimiento, los \u00faltimos estrenos cinematogr\u00e1ficos y eventos deportivos en alta definici\u00f3n. Sum\u00e9rgete en tramas cautivadoras, r\u00ede a carcajadas con comedias ingeniosas y vive la emoci\u00f3n del deporte en vivo. Con Antena 3 HD,&hellip;","_links":{"self":[{"href":"https:\/\/fmlax.com\/latanmovil\/wp-json\/wp\/v2\/pages\/2696","targetHints":{"allow":["GET"]}}],"collection":[{"href":"https:\/\/fmlax.com\/latanmovil\/wp-json\/wp\/v2\/pages"}],"about":[{"href":"https:\/\/fmlax.com\/latanmovil\/wp-json\/wp\/v2\/types\/page"}],"author":[{"embeddable":true,"href":"https:\/\/fmlax.com\/latanmovil\/wp-json\/wp\/v2\/users\/1"}],"replies":[{"embeddable":true,"href":"https:\/\/fmlax.com\/latanmovil\/wp-json\/wp\/v2\/comments?post=2696"}],"version-history":[{"count":4,"href":"https:\/\/fmlax.com\/latanmovil\/wp-json\/wp\/v2\/pages\/2696\/revisions"}],"predecessor-version":[{"id":3231,"href":"https:\/\/fmlax.com\/latanmovil\/wp-json\/wp\/v2\/pages\/2696\/revisions\/3231"}],"wp:attachment":[{"href":"https:\/\/fmlax.com\/latanmovil\/wp-json\/wp\/v2\/media?parent=2696"}],"curies":[{"name":"wp","href":"https:\/\/api.w.org\/{rel}","templated":true}]}}